 common factor of 557409 and 1548?
129
What is the greatest common factor of 310 and 26722?
62
What is the highest common divisor of 326 and 958114?
326
Calculate the greatest common factor of 15247 and 2702.
193
Calculate the highest common factor of 43 and 735171.
43
Calculate the highest common factor of 2478 and 565338.
354
Calculate the highest common factor of 214 and 1277687.
107
Calculate the highest common factor of 5279528 and 8.
8
What is the greatest common divisor of 37 and 58645?
37
What is the greatest common divisor of 2515 and 67402?
503
Calculate the highest common divisor of 98450 and 44.
22
Calculate the highest common factor of 6110 and 425360.
130
Calculate the greatest common divisor of 1935 and 22145.
215
Calculate the highest common divisor of 7 and 147616.
7
What is the greatest common factor of 3526475 and 1150?
575
Calculate the greatest common divisor of 6 and 7579896.
6
What is the greatest common divisor of 2178 and 1026?
18
Calculate the greatest common factor of 52815 and 1533.
21
Calculate the highest common factor of 142 and 74479.
71
What is the highest common factor of 24660 and 240?
60
Calculate the greatest common factor of 10504 and 11947.
13
Calculate the highest common factor of 1133539 and 55.
11
Calculate the greatest common divisor of 695562 and 126.
42
What is the greatest common factor of 5068 and 164348?
724
Calculate the greatest common divisor of 3 and 41955.
3
Calculate the greatest common factor of 128699 and 1022.
73
What is the greatest common divisor of 564 and 100486?
94
Calculate the greatest common factor of 89903 and 1573.
121
What is the greatest common divisor of 170 and 112?
2
What is the highest common factor of 1180278 and 594?
594
What is the highest common divisor of 58642 and 2398?
218
What is the highest common divisor of 845 and 93210?
65
Calculate the greatest common factor of 527 and 148087.
527
Calculate the highest common factor of 4465 and 2869.
19
What is the greatest common divisor of 44496 and 96?
48
Calculate the highest common divisor of 14 and 6898948.
14
Calculate the highest common factor of 88 and 198760.
8
Calculate the greatest common factor of 233886 and 102.
102
What is the highest common divisor of 2494 and 1336784?
2494
What is the greatest common factor of 54624 and 216?
24
Calculate the greatest common divisor of 18 and 219966.
6
Calculate the highest common divisor of 603296 and 136.
136
What is the greatest common factor of 2529692 and 4?
4
Calculate the greatest common divisor of 994 and 15330.
14
Calculate the greatest common divisor of 368 and 157044.
92
Calculate the greatest common factor of 375 and 15625.
125
Calculate the highest common factor of 136428 and 648.
12
What is the highest common factor of 1465450 and 25?
25
What is the highest common divisor of 108924 and 2436?
348
What is the greatest common divisor of 79929 and 10165?
107
Calculate the greatest common divisor of 2275 and 59540.
65
What is the greatest common factor of 636868 and 452?
452
Calculate the greatest common factor of 162 and 1249101.
81
What is the greatest common divisor of 277472 and 13?
13
What is the greatest common divisor of 385 and 924?
77
Calculate the highest common divisor of 52 and 46930.
26
Calculate the highest common factor of 1636542 and 177.
177
Calculate the greatest common divisor of 30 and 853930.
10
Calculate the greatest common divisor of 27 and 10299.
3
What is the highest common divisor of 88748 and 132?
44
Calculate the highest common divisor of 1789 and 22843741.
1789
What is the highest common divisor of 134388 and 621?
9
Calculate the highest common factor of 3042 and 360.
18
Calculate the greatest common factor of 40 and 1997720.
40
What is the greatest common divisor of 210 and 2287635?
105
Calculate the highest common divisor of 900 and 151260.
60
Calculate the greatest common divisor of 5819 and 2783.
253
What is the greatest common factor of 610 and 456036?
122
Calculate the greatest common divisor of 30582 and 36.
18
Calculate the highest common divisor of 846 and 5828.
94
What is the greatest common factor of 15 and 1395405?
15
What is the greatest common factor of 20844 and 849972?
2316
What is the greatest common factor of 2422159 and 214?
107
What is the greatest common factor of 40742 and 78?
26
What is the greatest common divisor of 158300 and 52239?
1583
Calculate the greatest common factor of 112716 and 144.
36
Calculate the highest common factor of 167 and 206579.
167
What is the highest common divisor of 5928 and 72200?
152
Calculate the highest common factor of 11179 and 2583.
7
What is the greatest common divisor of 591 and 4106859?
591
Calculate the highest common factor of 364 and 924.
28
Calculate the greatest common divisor of 3367 and 14.
7
Calculate the highest common divisor of 109135 and 195.
65
Calculate the greatest common factor of 276 and 50991.
69
Calculate the highest common divisor of 157265 and 213.
71
What is the highest common divisor of 374 and 5380738?
374
What is the highest common factor of 2672 and 116566?
334
Calculate the highest common divisor of 453168 and 432.
432
Calculate the highest common factor of 667990 and 10.
10
What is the highest common factor of 53970 and 420?
210
What is the greatest common divisor of 1978 and 41078?
46
Calculate the highest common divisor of 9010 and 493.
17
Calculate the highest common divisor of 3080 and 54670.
770
What is the highest common divisor of 16 and 114806?
2
What is the greatest common factor of 656 and 8856?
328
Calculate the highest common divisor of 9861 and 1197.
57
Calculate the highest common factor of 92629 and 3587.
211
What is the highest common factor of 4712 and 1829?
31
What is the highest common factor of 163875 and 900?
75
Calculate the greatest common divisor of 153 and 12114.
9
Calculate the highest common divisor of 770 and 54054.
154
What is the greatest common divisor of 114 and 23883?
57
Calculate the greatest common factor of 16938 and 72.
18
What is the greatest common factor of 93 and 809038?
31
What is the greatest common factor of 235872 and 104?
104
What is the highest common divisor of 5802 and 510?
6
Calculate the greatest common divisor of 100 and 451930.
10
What is the greatest common divisor of 11 and 9606509?
11
What is the greatest common divisor of 196 and 7547372?
196
Calculate the highest common factor of 30004 and 52.
52
Calculate the greatest common factor of 436614 and 848.
106
What is the highest common factor of 5488 and 175560?
56
What is the greatest common factor of 387 and 558?
9
Calculate the highest common factor of 2040 and 53640.
120
What is the highest common factor of 74228 and 462?
154
What is the greatest common factor of 3247 and 15555?
17
Calculate the highest common factor of 1152737 and 23.
23
Calculate the greatest common divisor of 61042 and 322.
46
What is the greatest common factor of 31 and 764?
1
Calculate the highest common factor of 174 and 74414.
58
Calculate the highest common factor of 15904 and 16.
16
Calculate the highest common divisor of 9472 and 72.
8
Calculate the greatest common divisor of 57915 and 2080.
65
Calculate the greatest common factor of 6322 and 3625.
29
What is the highest common factor of 34715 and 2915?
265
Calculate the highest common divisor of 54315 and 459.
153
Calculate the highest common divisor of 585 and 21744.
9
What is the highest common factor of 13211 and 253?
11
Calculate the highest common divisor of 351 and 21141.
27
What is the highest common divisor of 39057 and 423?
141
What is the greatest common divisor of 333156 and 12?
12
Calculate the highest common divisor of 141133 and 107.
107
What is the greatest common factor of 385 and 420805?
385
What is the highest common factor of 164872 and 481?
37
Calculate the greatest common factor of 135 and 48.
3
Calculate the highest common divisor of 1366 and 2516172.
1366
What is the highest common divisor of 4348442 and 18896?
2362
Calculate the highest common divisor of 59125 and 2255.
55
Calculate the greatest common factor of 11 and 157597.
11
Calculate the greatest common factor of 224747 and 3558.
593
What is the greatest common divisor of 720664 and 980?
28
Calculate the highest common factor of 14998